).
-3
Suppose 53*r = 63*r + 10. Let f(t) = t**2 + 5*t - 4. Let u(c) = c**2 + 5*c + 1. Let k(q) = r*f(q) + 2*u(q). Suppose 4*j + 20 = 2*h + 4, h = 0. What is k(j)?
2
Let c be -2 + 3 + (6 - 1). Let v(b) be the first derivative of -8*b - 3*b**2 + 23 + 1/4*b**4 - 5/3*b**3. Give v(c).
-8
Let q = 384 - 381. Let t(m) = -22238*m**2 + 7 + 5*m + 22239*m**2 + q*m. Determine t(-8).
7
Let b = -111 + 115. Let c(s) = -b*s**2 - 8*s**2 + s**3 + 0*s**3 - 11 + 12*s. Calculate c(11).
0
Let u(l) be the second derivative of -l**6/15 - l**5/120 + l**4/12 + l**3/3 - 11*l**2 - 21*l - 4. Let g(i) be the second derivative of u(i). Determine g(1).
-23
Let d = -14 + 8. Let g(u) be the third derivative of -1/3*u**3 + 3*u**2 + 7/60*u**5 + 1/120*u**6 + 0*u + 5/24*u**4 + 0. What is g(d)?
4
Let y(r) = 2 + 3*r + 8 + 10*r - 2. Determine y(-1).
-5
Let b(s) = 13*s**2 - 2*s + 2. Suppose u + 8 = 4*l, 10*u - 1 = 3*l + 11*u. Determine b(l).
13
Let u(b) be the first derivative of -5*b**2/2 - b - 10883. Let c = 7 + -3. Let n = c - 3. Give u(n).
-6
Let b(t) = 276*t - 825. Let h be b(3). Let p(i) = -4*i**3 + 3*i**2 + i + 3. What is p(h)?
-75
Let q(z) = 53*z**3 + z**2 - 1. Let n(y) = -y**3 + 4*y**2 - 8*y + 4. Let u be n(1). Determine q(u).
-53
Let n(x) = -23*x + 387*x - 351*x - 47. Calculate n(3).
-8
Let x(b) = 7*b - 15. Let z = -3326 + 3333. Determine x(z).
34
Let c(w) = 3*w**2 - 5*w + 1. Let k(p) = -4*p**2 + 4*p. Let d(f) = 3*c(f) + 2*k(f). Suppose 182*o - 2752 = 174*o. Let v = -338 + o. Give d(v).
-3
Let z(k) = -k**3 + 5*k**2 + 14*k + 8. Suppose c + 5*g + 3 = 0, -5*c - 19*g + 33 = -18*g. Calculate z(c).
8
Let l(s) = -s**3 + 9*s**2 + s - 3. Let r = 355 + -352. Suppose -h - 6*m = -2*m - 9, r*h + 3*m = 27. Calculate l(h).
6
Let x(p) = -10*p - 815 + p + 634. Determine x(-20).
-1
Let r(c) = c - 12. Let w be 3 + 0 + -1 + -4 + 4. Suppose -2*o - o - 15 = w*m, -4*m - 2*o - 10 = 0. Give r(m).
-12
Suppose r - 56 = 36. Suppose -3*h = r - 107. Let c(w) = -3*w + 21. What is c(h)?
6
Let z be 3332/343*35/10. Let f(x) = x**2 - 34*x + 1. Give f(z).
1
Let m(y) be the first derivative of y**4/2 - y**3 - 37*y**2/2 - 5*y + 10668. Give m(5).
-15
Let f(x) = -x + 10 - 1 + 10 + 0*x - 2*x**3 - 26 + 14*x**2. Give f(7).
-14
Let y(s) = s**3 + 6*s**2 - 11*s - 5. Let g(x) = 2*x**3 + 59*x**2 + 46*x - 67. Let w be g(-29). Let o = w + 552. Determine y(o).
-45
Let t(g) = -4*g**2 - 52*g - 16. Let a(v) = -v**2 - 13*v - 4. Let i(f) = 9*a(f) - 2*t(f). What is i(-14)?
-18
Let q(y) = y**2 - 11*y + 18. Let c = -4551 - -4560. What is q(c)?
0
Let i(z) = 2*z**2 - 16*z - 1. Suppose 336*k = 163*k + 172*k + 9. Calculate i(k).
17
Let h(o) = -o - 1. Suppose 29*n = 33*n - 4. Let c(d) = -d**2 + 5*d - 9. Let l(r) = n*c(r) - 3*h(r). Suppose 3*t + 9 = 3*j, 0*j = -2*j + 3*t + 3. Give l(j).
6
Let o(s) = s - 5. Let t = 71 + -119. Let a(q) = 2*q**3 - 6*q**2 + 8. Let u be a(4). Let p be (-30)/9*t/u. Give o(p).
-1
Let g(x) = -x**2 - 142*x. Let b(o) = 5*o**2 + 780*o + 1. Let m(k) = 2*b(k) + 11*g(k). Determine m(4).
-22
Let j(v) = v**2 + 7*v + 6. Let r(l) = l**2 - 23*l - 72. Let x be r(27). Suppose -25*k - 136 = -x. Give j(k).
-6
Let s(b) be the third derivative of b**6/20 + b**5/60 - b**4/12 - b**3/3 + 7689*b**2. Determine s(-1).
-5
Let k(j) be the third derivative of j**6/120 + j**5/60 - 17*j**4/12 - 7*j**3/6 + 3*j**2 + 10*j + 48. Calculate k(-6).
17
Let i(l) = -2*l**2 + l. Let x = 69 - 67. Suppose 2*b - 21 = -3*o, b - x*o = -6 - 1. Suppose 5*z - 4 = b*z. Determine i(z).
-6
Let a(k) = 11*k**3 + k**2 + k + 1. Suppose -9*p - 266 = 6*p - 236. Give a(p).
-85
Let f(q) be the third derivative of q**5/20 - 23*q**4/24 - q**3/3 + 28*q**2 + 17. What is f(8)?
6
Let w(o) = -6*o + 1. Let u(k) = 31*k - 32. Let h be u(2). Suppose h - 12 = 9*s. What is w(s)?
-11
Let y(h) = 3*h - 7. Let g be y(-3). Let k = 16 + g. Let p(s) = -8*s + 5*s + 2 + k*s. Determine p(2).
-4
Let r(n) be the third derivative of -n**4/8 - 11*n**3/6 - 470*n**2. Give r(-2).
-5
Let u be 3/1 - 67*(0 - 1). Suppose 0 = -0*v + 5*v + u. Let m = 11 + v. Let n(i) = -2*i + 1. Calculate n(m).
7
Let z(d) be the first derivative of d**4/2 - 2*d**3 + 3*d**2/2 - 2*d + 1. Suppose 42 = 5*r - 2*h, -5*r + 1030*h = 1035*h + 35. Determine z(r).
42
Let r(z) = -4*z - 16. Let o be r(-4). Let g be 0*(-2 - -3) + 5 - o. Let w(i) = -4 - 1 + 2*i + 8 + g. Determine w(-7).
-6
Let r(y) be the first derivative of -2*y - 8/3*y**3 + 9/2*y**2 + 1 + 1/4*y**4. Let v = 51 + -44. Give r(v).
12
Let j(y) = -2*y - 6. Let u be j(-4). Suppose -3*m - 11 = -14. Let w(g) = -9*g + 10*g - u*g - m. Calculate w(1).
-2
Let y = -9634 + 9632. Let c(z) = 11*z**3 + z**2 + 7*z + 1. What is c(y)?
-97
Let s(g) = g**2 + 3*g - 2. Let a(m) = m**2 + 4*m - 2. Let f(v) = 3*a(v) - 4*s(v). Let j be 1 + -1*(9 + -3). Let t = j - -7. Give f(t).
-2
Suppose 2*a - 7*m = -2*m - 33, 3*a - m = -17. Let d(r) = -r**2 - 13*r - 37. Let u be d(a). Let w(n) = n**3 + 2*n**2 - 1. Give w(u).
0
Suppose 36*x = -l + 31*x - 37, -4*l + x + 41 = 0. Let q(d) = 4*d**2 - 13*d + 13. Let o(v) = 7*v**2 - 25*v + 25. Let c(i) = 3*o(i) - 5*q(i). Calculate c(l).
-6
Let h(t) = -123*t + 5. Let c be h(0). Let s(z) = -z**3 + 5*z**2 + 10. Calculate s(c).
10
Let s(p) = -3*p**3 - 8*p**2 - 3*p + 15. Let m(i) = -2*i**3 + 3*i**2 - i + 1. Let l(b) = -2*m(b) + s(b). Give l(14).
-1
Let k(f) = -f + 17. Suppose 2*y - x - 27 = 0, -8*x + 10*x - 6 = -2*y. Give k(y).
7
Let k(q) = 4*q - 13. Let r(s) = -23*s**2 - 17 + 52*s**2 - 18 + 10*s - 28*s**2. Let f be r(-13). What is k(f)?
3
Suppose 43*d - 20 = 47*d. Let r(p) = 792 - 21*p - 790 - 2*p**2 + 10*p. What is r(d)?
7
Let k be (((-378)/(-7))/(-9))/((-6)/8). Let d(z) = -3*z - z - k + 2*z. What is d(-8)?
8
Let h(y) be the second derivative of y**5/60 - 11*y**4/24 - 7*y**3/6 - 5*y**2 + 28*y - 1. Let r(x) be the second derivative of h(x). Determine r(6).
1
Let k(q) = -q**2 - 10*q + 51. Let p be k(-15). Let b be p/(-15)*8/(-16)*5. Let l(f) = -2*f + 2. What is l(b)?
10
Let j(a) = 610*a - 4880. Let y be j(8). Let b(o) = o**2 + 1. What is b(y)?
1
Let f = 33 + -29. Suppose -7*w - 10 = -2*w + 5*z, 0 = -4*w + f*z + 24. Let u(h) = 3*h + 2. Determine u(w).
8
Let c(r) = -3*r**3 + 4*r**2 - 12*r - 30. Let a(j) = -5*j**3 + 7*j**2 - 21*j - 61. Let t(y) = 4*a(y) - 7*c(y). Determine t(0).
-34
Let t(q) = 663*q - 4. Let u(m) = 2320*m - 12. Let y(k) = -7*t(k) + 2*u(k). Let r = -5 - -10. Suppose j - r*j + 24 = 0. Calculate y(j).
-2
Let s(l) = l**3 + 5*l**2 + 7*l + 6. Let w be (1 + 6/(-18))/(-1)*6. Calculate s(w).
-6
Let d(f) = f - 1. Suppose -2*w - 54 = -3*w + 4*n, -4*w + n + 171 = 0. Suppose w - 52 = 2*v. Give d(v).
-6
Let x(g) be the third derivative of 0 - 12*g**2 + 0*g + 5/2*g**3 + 1/24*g**4. Let a be x(-18). Let u(h) = -h - 3. Give u(a).
0
Let p(u) = -2*u**3 + 4*u**2 - 3*u + 1. Let w be p(2). Suppose 0 = -4*a - 22 + 2. Let z(t) = -4*t + 4. Let r(m) = -m. Let v(l) = a*r(l) + z(l). Determine v(w).
-1
Suppose 0 = 5*y + 2*l - 22, 3*y = 4*y + 3*l - 7. Suppose 2*m = -y*t + 32, 4*t - 3*m - 36 = -4. Let k(x) = -3*x + 1. Calculate k(t).
-23
Let o be 1/4 - (-7)/(-28). Let c(t) be the third derivative of -t**4/24 - t**3/2 + t**2 - 5507. What is c(o)?
-3
Let z(p) = 8*p - 61. Let d(a) = -13*a + 114. Let x(m) = 3*d(m) + 5*z(m). Give x(-36).
1
Suppose 2*z = 5*c + 124, 62 = z - 3*c + c. Let a(j) = 27 - z + 32 - j. What is a(-4)?
1
Suppose 10*d - 22 = 48. Let w(f) = -8 + 2 + d*f - 2*f - f**2. Determine w(5).
-6
Let s = -605 - -599. Let u(t) be the second derivative of 1/2*t**3 + 3*t**2 + 0 - 14*t. Determine u(s).
-12
Let k(r) = 13*r + 14. Let x(n) = -n + 1. Let c(h) = -k(h) + x(h). Let m be c(-4). Let d = m - 41. Let g(b) = b**3 - 4*b**2 + b + 2. Calculate g(d).
-4
Let b(k) = 111*k - 2. Let f(r) = 5*r + 60. Let l be f(-13). Let n(s) = 56*s - 1. Let v(u) = l*n(u) + 3*b(u). Give v(-1).
-54
Suppose -20*n + 13*n = -7. Let b(z) = z**2 - 5*z + n - 6*z + 3*z - 4*z + 10*z. Let w be -1*(-1)/((-1)/(-3)). Give b(w).
4
Let r(m) be the second derivative of m**4/12 + m**3/2 - 7*m**2/2 - 61*m + 18. Determine r(0).
-7
Let d(p) = -6*p**2 - 259*p + 43. Let v(c) = c**2 + 44*c - 7. Let s(q) = 6*d(q) + 35*v(q). Determine s(0).
13
Let j be (0/2)/(-13) - -1. Let l(o) = 39*o + 1. Calculate l(j).
40
Let h(c) = -8*c**3 + 4*c**3 - 4*c**3 - 1. Suppose -3*w + 2*f - 17 = 0, 5*w + f + 2915 - 2917 = 0. What is h(w)?
7
Let p(b) 